{"id":1135,"date":"2020-03-31T07:28:04","date_gmt":"2020-03-31T07:28:04","guid":{"rendered":"https:\/\/pelicula.qodeinteractive.com\/?page_id=1135"},"modified":"2023-11-22T13:39:35","modified_gmt":"2023-11-22T13:39:35","slug":"contact","status":"publish","type":"page","link":"https:\/\/madbulldogcompany.com\/?page_id=1135","title":{"rendered":"Contact"},"content":{"rendered":"\t\t<div data-elementor-type=\"wp-page\" data-elementor-id=\"1135\" class=\"elementor elementor-1135\" data-elementor-post-type=\"page\">\n\t\t\t\t\t\t<section class=\"elementor-section elementor-top-section elementor-element elementor-element-8331d57 elementor-section-full_width elementor-section-height-default elementor-section-height-default qodef-elementor-content-no\" data-id=\"8331d57\" data-element_type=\"section\" data-e-type=\"section\">\n\t\t\t\t\t\t<div class=\"elementor-container elementor-column-gap-default\">\n\t\t\t\t\t<div class=\"elementor-column elementor-col-100 elementor-top-column elementor-element elementor-element-77887a0\" data-id=\"77887a0\" data-element_type=\"column\" data-e-type=\"column\">\n\t\t\t<div class=\"elementor-widget-wrap elementor-element-populated\">\n\t\t\t\t\t\t<div class=\"elementor-element elementor-element-3c68d26 elementor-widget elementor-widget-spacer\" data-id=\"3c68d26\" data-element_type=\"widget\" data-e-type=\"widget\" data-widget_type=\"spacer.default\">\n\t\t\t\t<div class=\"elementor-widget-container\">\n\t\t\t\t\t\t\t<div class=\"elementor-spacer\">\n\t\t\t<div class=\"elementor-spacer-inner\"><\/div>\n\t\t<\/div>\n\t\t\t\t\t\t<\/div>\n\t\t\t\t<\/div>\n\t\t\t\t<div class=\"elementor-element elementor-element-57b182c elementor-widget elementor-widget-heading\" data-id=\"57b182c\" data-element_type=\"widget\" data-e-type=\"widget\" data-widget_type=\"heading.default\">\n\t\t\t\t<div class=\"elementor-widget-container\">\n\t\t\t\t\t<h2 class=\"elementor-heading-title elementor-size-default\">NOUS CONTACTER<\/h2>\t\t\t\t<\/div>\n\t\t\t\t<\/div>\n\t\t\t\t\t<\/div>\n\t\t<\/div>\n\t\t\t\t\t<\/div>\n\t\t<\/section>\n\t\t\t\t<section class=\"elementor-section elementor-top-section elementor-element elementor-element-506798d elementor-section-boxed elementor-section-height-default elementor-section-height-default qodef-elementor-content-no\" data-id=\"506798d\" data-element_type=\"section\" data-e-type=\"section\">\n\t\t\t\t\t\t<div class=\"elementor-container elementor-column-gap-default\">\n\t\t\t\t\t<div class=\"elementor-column elementor-col-100 elementor-top-column elementor-element elementor-element-089994f\" data-id=\"089994f\" data-element_type=\"column\" data-e-type=\"column\">\n\t\t\t<div class=\"elementor-widget-wrap elementor-element-populated\">\n\t\t\t\t\t\t<div class=\"elementor-element elementor-element-7a84f7f elementor-widget-divider--view-line elementor-widget elementor-widget-divider\" data-id=\"7a84f7f\" data-element_type=\"widget\" data-e-type=\"widget\" data-widget_type=\"divider.default\">\n\t\t\t\t<div class=\"elementor-widget-container\">\n\t\t\t\t\t\t\t<div class=\"elementor-divider\">\n\t\t\t<span class=\"elementor-divider-separator\">\n\t\t\t\t\t\t<\/span>\n\t\t<\/div>\n\t\t\t\t\t\t<\/div>\n\t\t\t\t<\/div>\n\t\t\t\t\t<\/div>\n\t\t<\/div>\n\t\t\t\t\t<\/div>\n\t\t<\/section>\n\t\t\t\t<section class=\"elementor-section elementor-top-section elementor-element elementor-element-e049dd6 elementor-section-boxed elementor-section-height-default elementor-section-height-default qodef-elementor-content-no\" data-id=\"e049dd6\" data-element_type=\"section\" data-e-type=\"section\">\n\t\t\t\t\t\t<div class=\"elementor-container elementor-column-gap-default\">\n\t\t\t\t\t<div class=\"elementor-column elementor-col-100 elementor-top-column elementor-element elementor-element-7723640\" data-id=\"7723640\" data-element_type=\"column\" data-e-type=\"column\">\n\t\t\t<div class=\"elementor-widget-wrap elementor-element-populated\">\n\t\t\t\t\t\t<div class=\"elementor-element elementor-element-54c97a9 elementor-button-align-end elementor-widget elementor-widget-form\" data-id=\"54c97a9\" data-element_type=\"widget\" data-e-type=\"widget\" data-settings=\"{&quot;step_next_label&quot;:&quot;Next&quot;,&quot;step_previous_label&quot;:&quot;Previous&quot;,&quot;button_width&quot;:&quot;100&quot;,&quot;step_type&quot;:&quot;number_text&quot;,&quot;step_icon_shape&quot;:&quot;circle&quot;}\" data-widget_type=\"form.default\">\n\t\t\t\t<div class=\"elementor-widget-container\">\n\t\t\t\t\t\t\t<form class=\"elementor-form\" method=\"post\" name=\"Contact\">\n\t\t\t<input type=\"hidden\" name=\"post_id\" value=\"1135\"\/>\n\t\t\t<input type=\"hidden\" name=\"form_id\" value=\"54c97a9\"\/>\n\t\t\t<input type=\"hidden\" name=\"referer_title\" value=\"Contact - Mad Bulldog Company\" \/>\n\n\t\t\t\t\t\t\t<input type=\"hidden\" name=\"queried_id\" value=\"1135\"\/>\n\t\t\t\n\t\t\t<div class=\"elementor-form-fields-wrapper elementor-labels-above\">\n\t\t\t\t\t\t\t\t<div class=\"elementor-field-type-text elementor-field-group elementor-column elementor-field-group-name elementor-col-50\">\n\t\t\t\t\t\t\t\t\t\t\t\t<label for=\"form-field-name\" class=\"elementor-field-label\">\n\t\t\t\t\t\t\t\tNom\t\t\t\t\t\t\t<\/label>\n\t\t\t\t\t\t\t\t\t\t\t\t\t\t<input size=\"1\" type=\"text\" name=\"form_fields[name]\" id=\"form-field-name\" class=\"elementor-field elementor-size-sm  elementor-field-textual\">\n\t\t\t\t\t\t\t\t\t\t\t<\/div>\n\t\t\t\t\t\t\t\t<div class=\"elementor-field-type-email elementor-field-group elementor-column elementor-field-group-email elementor-col-50 elementor-field-required elementor-mark-required\">\n\t\t\t\t\t\t\t\t\t\t\t\t<label for=\"form-field-email\" class=\"elementor-field-label\">\n\t\t\t\t\t\t\t\tEmail\t\t\t\t\t\t\t<\/label>\n\t\t\t\t\t\t\t\t\t\t\t\t\t\t<input size=\"1\" type=\"email\" name=\"form_fields[email]\" id=\"form-field-email\" class=\"elementor-field elementor-size-sm  elementor-field-textual\" required=\"required\">\n\t\t\t\t\t\t\t\t\t\t\t<\/div>\n\t\t\t\t\t\t\t\t<div class=\"elementor-field-type-tel elementor-field-group elementor-column elementor-field-group-field_4ad2d21 elementor-col-50 elementor-field-required elementor-mark-required\">\n\t\t\t\t\t\t\t\t\t\t\t\t<label for=\"form-field-field_4ad2d21\" class=\"elementor-field-label\">\n\t\t\t\t\t\t\t\tTelephone\t\t\t\t\t\t\t<\/label>\n\t\t\t\t\t\t\t\t<input size=\"1\" type=\"tel\" name=\"form_fields[field_4ad2d21]\" id=\"form-field-field_4ad2d21\" class=\"elementor-field elementor-size-sm  elementor-field-textual\" required=\"required\" pattern=\"[0-9()#&amp;+*-=.]+\" title=\"Seuls les caract\u00e8res de num\u00e9ros de t\u00e9l\u00e9phone (#, -, *, etc.) sont accept\u00e9s.\">\n\n\t\t\t\t\t\t<\/div>\n\t\t\t\t\t\t\t\t<div class=\"elementor-field-type-textarea elementor-field-group elementor-column elementor-field-group-message elementor-col-100\">\n\t\t\t\t\t\t\t\t\t\t\t\t<label for=\"form-field-message\" class=\"elementor-field-label\">\n\t\t\t\t\t\t\t\tVotre message\t\t\t\t\t\t\t<\/label>\n\t\t\t\t\t\t<textarea class=\"elementor-field-textual elementor-field  elementor-size-sm\" name=\"form_fields[message]\" id=\"form-field-message\" rows=\"4\" placeholder=\"Votre projet en quelques lignes\"><\/textarea>\t\t\t\t<\/div>\n\t\t\t\t\t\t\t\t<div class=\"elementor-field-group elementor-column elementor-field-type-submit elementor-col-100 e-form__buttons\">\n\t\t\t\t\t<button class=\"elementor-button elementor-size-sm\" type=\"submit\">\n\t\t\t\t\t\t<span class=\"elementor-button-content-wrapper\">\n\t\t\t\t\t\t\t\t\t\t\t\t\t\t\t<span class=\"elementor-button-icon\">\n\t\t\t\t\t\t\t\t\t<i aria-hidden=\"true\" class=\"far fa-arrow-alt-circle-right\"><\/i>\t\t\t\t\t\t\t\t\t\t\t\t\t\t\t\t\t<\/span>\n\t\t\t\t\t\t\t\t\t\t\t\t\t\t\t\t\t\t\t\t\t\t<span class=\"elementor-button-text\">envoyer<\/span>\n\t\t\t\t\t\t\t\t\t\t\t\t\t<\/span>\n\t\t\t\t\t<\/button>\n\t\t\t\t<\/div>\n\t\t\t<\/div>\n\t\t<\/form>\n\t\t\t\t\t\t<\/div>\n\t\t\t\t<\/div>\n\t\t\t\t\t<\/div>\n\t\t<\/div>\n\t\t\t\t\t<\/div>\n\t\t<\/section>\n\t\t\t\t<\/div>\n\t\t","protected":false},"excerpt":{"rendered":"<p>NOUS CONTACTER<\/p>\n","protected":false},"author":1,"featured_media":6255,"parent":0,"menu_order":0,"comment_status":"closed","ping_status":"closed","template":"page-full-width.php","meta":{"footnotes":""},"class_list":["post-1135","page","type-page","status-publish","has-post-thumbnail","hentry"],"yoast_head":"<!-- This site is optimized with the Yoast SEO plugin v27.4 - https:\/\/yoast.com\/product\/yoast-seo-wordpress\/ -->\n<title>Contact - Mad Bulldog Company<\/title>\n<meta name=\"description\" content=\"Laissez-nous vos coordonn\u00e9es et une br\u00e8ve description de votre projet. Nous vous recontacterons dans les 12 heures pour discuter de vos besoins et \u00e9laborer un devis personnalis\u00e9.\" \/>\n<meta name=\"robots\" content=\"index, follow, max-snippet:-1, max-image-preview:large, max-video-preview:-1\" \/>\n<link rel=\"canonical\" href=\"https:\/\/madbulldogcompany.com\/?page_id=1135\" \/>\n<meta property=\"og:locale\" content=\"fr_FR\" \/>\n<meta property=\"og:type\" content=\"article\" \/>\n<meta property=\"og:title\" content=\"Contact - Mad Bulldog Company\" \/>\n<meta property=\"og:description\" content=\"Laissez-nous vos coordonn\u00e9es et une br\u00e8ve description de votre projet. Nous vous recontacterons dans les 12 heures pour discuter de vos besoins et \u00e9laborer un devis personnalis\u00e9.\" \/>\n<meta property=\"og:url\" content=\"https:\/\/madbulldogcompany.com\/?page_id=1135\" \/>\n<meta property=\"og:site_name\" content=\"Mad Bulldog Company\" \/>\n<meta property=\"article:modified_time\" content=\"2023-11-22T13:39:35+00:00\" \/>\n<meta property=\"og:image\" content=\"https:\/\/madbulldogcompany.com\/wp-content\/uploads\/2023\/10\/montagne-1-scaled.jpg\" \/>\n\t<meta property=\"og:image:width\" content=\"2560\" \/>\n\t<meta property=\"og:image:height\" content=\"1435\" \/>\n\t<meta property=\"og:image:type\" content=\"image\/jpeg\" \/>\n<meta name=\"twitter:card\" content=\"summary_large_image\" \/>\n<meta name=\"twitter:label1\" content=\"Dur\u00e9e de lecture estim\u00e9e\" \/>\n\t<meta name=\"twitter:data1\" content=\"1 minute\" \/>\n<script type=\"application\/ld+json\" class=\"yoast-schema-graph\">{\"@context\":\"https:\\\/\\\/schema.org\",\"@graph\":[{\"@type\":\"WebPage\",\"@id\":\"https:\\\/\\\/madbulldogcompany.com\\\/?page_id=1135\",\"url\":\"https:\\\/\\\/madbulldogcompany.com\\\/?page_id=1135\",\"name\":\"Contact - Mad Bulldog Company\",\"isPartOf\":{\"@id\":\"https:\\\/\\\/madbulldogcompany.com\\\/#website\"},\"primaryImageOfPage\":{\"@id\":\"https:\\\/\\\/madbulldogcompany.com\\\/?page_id=1135#primaryimage\"},\"image\":{\"@id\":\"https:\\\/\\\/madbulldogcompany.com\\\/?page_id=1135#primaryimage\"},\"thumbnailUrl\":\"https:\\\/\\\/madbulldogcompany.com\\\/wp-content\\\/uploads\\\/2023\\\/10\\\/montagne-1-scaled.jpg\",\"datePublished\":\"2020-03-31T07:28:04+00:00\",\"dateModified\":\"2023-11-22T13:39:35+00:00\",\"description\":\"Laissez-nous vos coordonn\u00e9es et une br\u00e8ve description de votre projet. Nous vous recontacterons dans les 12 heures pour discuter de vos besoins et \u00e9laborer un devis personnalis\u00e9.\",\"breadcrumb\":{\"@id\":\"https:\\\/\\\/madbulldogcompany.com\\\/?page_id=1135#breadcrumb\"},\"inLanguage\":\"fr-FR\",\"potentialAction\":[{\"@type\":\"ReadAction\",\"target\":[\"https:\\\/\\\/madbulldogcompany.com\\\/?page_id=1135\"]}]},{\"@type\":\"ImageObject\",\"inLanguage\":\"fr-FR\",\"@id\":\"https:\\\/\\\/madbulldogcompany.com\\\/?page_id=1135#primaryimage\",\"url\":\"https:\\\/\\\/madbulldogcompany.com\\\/wp-content\\\/uploads\\\/2023\\\/10\\\/montagne-1-scaled.jpg\",\"contentUrl\":\"https:\\\/\\\/madbulldogcompany.com\\\/wp-content\\\/uploads\\\/2023\\\/10\\\/montagne-1-scaled.jpg\",\"width\":2560,\"height\":1435},{\"@type\":\"BreadcrumbList\",\"@id\":\"https:\\\/\\\/madbulldogcompany.com\\\/?page_id=1135#breadcrumb\",\"itemListElement\":[{\"@type\":\"ListItem\",\"position\":1,\"name\":\"Accueil\",\"item\":\"https:\\\/\\\/madbulldogcompany.com\\\/\"},{\"@type\":\"ListItem\",\"position\":2,\"name\":\"Contact\"}]},{\"@type\":\"WebSite\",\"@id\":\"https:\\\/\\\/madbulldogcompany.com\\\/#website\",\"url\":\"https:\\\/\\\/madbulldogcompany.com\\\/\",\"name\":\"Mad Bulldog Company\",\"description\":\"Des vid&eacute;os qui donnent vie &agrave; vos messages\",\"publisher\":{\"@id\":\"https:\\\/\\\/madbulldogcompany.com\\\/#organization\"},\"potentialAction\":[{\"@type\":\"SearchAction\",\"target\":{\"@type\":\"EntryPoint\",\"urlTemplate\":\"https:\\\/\\\/madbulldogcompany.com\\\/?s={search_term_string}\"},\"query-input\":{\"@type\":\"PropertyValueSpecification\",\"valueRequired\":true,\"valueName\":\"search_term_string\"}}],\"inLanguage\":\"fr-FR\"},{\"@type\":\"Organization\",\"@id\":\"https:\\\/\\\/madbulldogcompany.com\\\/#organization\",\"name\":\"Mad Bulldog Company\",\"url\":\"https:\\\/\\\/madbulldogcompany.com\\\/\",\"logo\":{\"@type\":\"ImageObject\",\"inLanguage\":\"fr-FR\",\"@id\":\"https:\\\/\\\/madbulldogcompany.com\\\/#\\\/schema\\\/logo\\\/image\\\/\",\"url\":\"https:\\\/\\\/madbulldogcompany.com\\\/wp-content\\\/uploads\\\/2023\\\/06\\\/cropped-cropped-LOGO_NOIR.png\",\"contentUrl\":\"https:\\\/\\\/madbulldogcompany.com\\\/wp-content\\\/uploads\\\/2023\\\/06\\\/cropped-cropped-LOGO_NOIR.png\",\"width\":512,\"height\":512,\"caption\":\"Mad Bulldog Company\"},\"image\":{\"@id\":\"https:\\\/\\\/madbulldogcompany.com\\\/#\\\/schema\\\/logo\\\/image\\\/\"}}]}<\/script>\n<!-- \/ Yoast SEO plugin. -->","yoast_head_json":{"title":"Contact - Mad Bulldog Company","description":"Laissez-nous vos coordonn\u00e9es et une br\u00e8ve description de votre projet. Nous vous recontacterons dans les 12 heures pour discuter de vos besoins et \u00e9laborer un devis personnalis\u00e9.","robots":{"index":"index","follow":"follow","max-snippet":"max-snippet:-1","max-image-preview":"max-image-preview:large","max-video-preview":"max-video-preview:-1"},"canonical":"https:\/\/madbulldogcompany.com\/?page_id=1135","og_locale":"fr_FR","og_type":"article","og_title":"Contact - Mad Bulldog Company","og_description":"Laissez-nous vos coordonn\u00e9es et une br\u00e8ve description de votre projet. Nous vous recontacterons dans les 12 heures pour discuter de vos besoins et \u00e9laborer un devis personnalis\u00e9.","og_url":"https:\/\/madbulldogcompany.com\/?page_id=1135","og_site_name":"Mad Bulldog Company","article_modified_time":"2023-11-22T13:39:35+00:00","og_image":[{"width":2560,"height":1435,"url":"https:\/\/madbulldogcompany.com\/wp-content\/uploads\/2023\/10\/montagne-1-scaled.jpg","type":"image\/jpeg"}],"twitter_card":"summary_large_image","twitter_misc":{"Dur\u00e9e de lecture estim\u00e9e":"1 minute"},"schema":{"@context":"https:\/\/schema.org","@graph":[{"@type":"WebPage","@id":"https:\/\/madbulldogcompany.com\/?page_id=1135","url":"https:\/\/madbulldogcompany.com\/?page_id=1135","name":"Contact - Mad Bulldog Company","isPartOf":{"@id":"https:\/\/madbulldogcompany.com\/#website"},"primaryImageOfPage":{"@id":"https:\/\/madbulldogcompany.com\/?page_id=1135#primaryimage"},"image":{"@id":"https:\/\/madbulldogcompany.com\/?page_id=1135#primaryimage"},"thumbnailUrl":"https:\/\/madbulldogcompany.com\/wp-content\/uploads\/2023\/10\/montagne-1-scaled.jpg","datePublished":"2020-03-31T07:28:04+00:00","dateModified":"2023-11-22T13:39:35+00:00","description":"Laissez-nous vos coordonn\u00e9es et une br\u00e8ve description de votre projet. Nous vous recontacterons dans les 12 heures pour discuter de vos besoins et \u00e9laborer un devis personnalis\u00e9.","breadcrumb":{"@id":"https:\/\/madbulldogcompany.com\/?page_id=1135#breadcrumb"},"inLanguage":"fr-FR","potentialAction":[{"@type":"ReadAction","target":["https:\/\/madbulldogcompany.com\/?page_id=1135"]}]},{"@type":"ImageObject","inLanguage":"fr-FR","@id":"https:\/\/madbulldogcompany.com\/?page_id=1135#primaryimage","url":"https:\/\/madbulldogcompany.com\/wp-content\/uploads\/2023\/10\/montagne-1-scaled.jpg","contentUrl":"https:\/\/madbulldogcompany.com\/wp-content\/uploads\/2023\/10\/montagne-1-scaled.jpg","width":2560,"height":1435},{"@type":"BreadcrumbList","@id":"https:\/\/madbulldogcompany.com\/?page_id=1135#breadcrumb","itemListElement":[{"@type":"ListItem","position":1,"name":"Accueil","item":"https:\/\/madbulldogcompany.com\/"},{"@type":"ListItem","position":2,"name":"Contact"}]},{"@type":"WebSite","@id":"https:\/\/madbulldogcompany.com\/#website","url":"https:\/\/madbulldogcompany.com\/","name":"Mad Bulldog Company","description":"Des vid&eacute;os qui donnent vie &agrave; vos messages","publisher":{"@id":"https:\/\/madbulldogcompany.com\/#organization"},"potentialAction":[{"@type":"SearchAction","target":{"@type":"EntryPoint","urlTemplate":"https:\/\/madbulldogcompany.com\/?s={search_term_string}"},"query-input":{"@type":"PropertyValueSpecification","valueRequired":true,"valueName":"search_term_string"}}],"inLanguage":"fr-FR"},{"@type":"Organization","@id":"https:\/\/madbulldogcompany.com\/#organization","name":"Mad Bulldog Company","url":"https:\/\/madbulldogcompany.com\/","logo":{"@type":"ImageObject","inLanguage":"fr-FR","@id":"https:\/\/madbulldogcompany.com\/#\/schema\/logo\/image\/","url":"https:\/\/madbulldogcompany.com\/wp-content\/uploads\/2023\/06\/cropped-cropped-LOGO_NOIR.png","contentUrl":"https:\/\/madbulldogcompany.com\/wp-content\/uploads\/2023\/06\/cropped-cropped-LOGO_NOIR.png","width":512,"height":512,"caption":"Mad Bulldog Company"},"image":{"@id":"https:\/\/madbulldogcompany.com\/#\/schema\/logo\/image\/"}}]}},"_links":{"self":[{"href":"https:\/\/madbulldogcompany.com\/index.php?rest_route=\/wp\/v2\/pages\/1135","targetHints":{"allow":["GET"]}}],"collection":[{"href":"https:\/\/madbulldogcompany.com\/index.php?rest_route=\/wp\/v2\/pages"}],"about":[{"href":"https:\/\/madbulldogcompany.com\/index.php?rest_route=\/wp\/v2\/types\/page"}],"author":[{"embeddable":true,"href":"https:\/\/madbulldogcompany.com\/index.php?rest_route=\/wp\/v2\/users\/1"}],"replies":[{"embeddable":true,"href":"https:\/\/madbulldogcompany.com\/index.php?rest_route=%2Fwp%2Fv2%2Fcomments&post=1135"}],"version-history":[{"count":23,"href":"https:\/\/madbulldogcompany.com\/index.php?rest_route=\/wp\/v2\/pages\/1135\/revisions"}],"predecessor-version":[{"id":6970,"href":"https:\/\/madbulldogcompany.com\/index.php?rest_route=\/wp\/v2\/pages\/1135\/revisions\/6970"}],"wp:featuredmedia":[{"embeddable":true,"href":"https:\/\/madbulldogcompany.com\/index.php?rest_route=\/wp\/v2\/media\/6255"}],"wp:attachment":[{"href":"https:\/\/madbulldogcompany.com\/index.php?rest_route=%2Fwp%2Fv2%2Fmedia&parent=1135"}],"curies":[{"name":"wp","href":"https:\/\/api.w.org\/{rel}","templated":true}]}}